{"id":3159,"date":"2016-12-15T10:48:47","date_gmt":"2016-12-15T09:48:47","guid":{"rendered":"http:\/\/www.medicinasporta.med.bg.ac.rs\/?page_id=3159"},"modified":"2018-04-16T12:51:27","modified_gmt":"2018-04-16T10:51:27","slug":"specijalizacija","status":"publish","type":"page","link":"http:\/\/www.medicinasporta.med.bg.ac.rs\/?page_id=3159&lang=sr","title":{"rendered":"Specijalizacija"},"content":{"rendered":"<h2><strong>Specijalizacija Medicina sporta<\/strong><\/h2>\n<p>Katedra Medicine sporta od 1970. godine organizuje nastavu za zdravstvenu specijalizaciju Medicina sporta.<\/p>\n<p>Upis na specijalisti\u010dke studije vr\u0161i se putem javnog konkursa Ministarstva zdravlja Republike Srbije dva puta godi\u0161nje (mart i septembar). Za upis studenata neophodna je saglasnost Ministarstva zdravlja Republike Srbije. Specijalizacija Medicine sporta je deficitarna grana medicine, \u0161to zna\u010di da je mogu\u0107e upisati ovu specijalizaciju kao volontersku.<\/p>\n<p>Pravo upisa na specijalizaciju Medicine imaju studenti sa zavr\u0161enim integrisanim akademskim studijskim programom iz medicinskih nauka u trajanju od 6 godina (360 ESPB), koji su obavili pripravni\u010dki sta\u017e i polo\u017eili stru\u010dni ispit.<\/p>\n<p>Sta\u017e specijalizacije Medicine sporta traje tri godine. Studenti su obavezni da obavljaju specijalisti\u010dki sta\u017e pod nadzorom mentora koga imenuje Ve\u0107e za specijalisti\u010dku nastavu Medicinskog fakulteta na predlog Katedre. Spisak ve\u0161tina koje student mora da obavi je:<\/p>\n<div class=\"su-row\">\n<div class=\"su-column su-column-size-1-2\"><div class=\"su-column-inner su-u-clearfix su-u-trim\">\n<ul>\n<ul>\n<li>Referentni sportsko-medicinski centar\n<ul>\n<li>Interna medicina<\/li>\n<li>Kardiologija<\/li>\n<li>Pulmologija<\/li>\n<li>Gastroenterologija<\/li>\n<li>Nefrologija<\/li>\n<li>Endokrinologija<\/li>\n<li>Hematologija<\/li>\n<li>Reumatologija<\/li>\n<li>Alergologija<\/li>\n<\/ul>\n<\/li>\n<li>Pedijatrija<\/li>\n<li>Dermatovenerologija<\/li>\n<li>Ginekologija<\/li>\n<\/ul>\n<\/ul>\n<\/div><\/div>\n<div class=\"su-column su-column-size-1-2\"><div class=\"su-column-inner su-u-clearfix su-u-trim\">\n<ul>\n<ul>\n<ul style=\"text-align: justify;\">\n<li>Oftalmologija<\/li>\n<li>ORL<\/li>\n<li>Neurologija<\/li>\n<li>Infektivne bolesti<\/li>\n<li>Op\u0161ta hirurgija<\/li>\n<li>Ortopedija i traumatologija<\/li>\n<li>Neurohirurgija<\/li>\n<li>Radiologija<\/li>\n<li>Fizikalna medicina i rehabilitacija<\/li>\n<li>Balneoklimatologija<\/li>\n<li>Klini\u010dka fiziologija i higijena<\/li>\n<li>Funkcionalna dijagnostika<\/li>\n<li>Preventivna stomatologija<\/li>\n<\/ul>\n<\/ul>\n<\/ul>\n<\/div><\/div>\n<\/div>\n<p>U toku specijalisti\u010dkog sta\u017ea, Katedra Medicine sporta organizuje obaveznu dvosemestralnu teorijsku i prakti\u010dnu nastavu u trajanju od devet meseci. Studenti dvosemestralnu nastavu pohadjaju u drugoj ili tre\u0107oj godini specijalizacije, a nastava traje od 01. oktobra do 30. juna teku\u0107e \u0161kolske godine. Tokom trajanja dvosemestralne nastave, student obavljaju i obavezan prakti\u010dan rad u zdravstvenoj ustanovi.<\/p>\n<div class=\"su-row\">\n<div class=\"su-column su-column-size-1-2\"><div class=\"su-column-inner su-u-clearfix su-u-trim\">\n<p>U okviru teorijskog dela dvosemestralne nastave obra\u0111uju se odabrana poglavlja kojima se specijalizant upoznaje sa najnovijim stru\u010dnim i nau\u010dnim dostignu\u0107ima iz oblasti medicine sporta. U toku dvosemestralne nastave Katedra medicine sporta organizuju polaganje slede\u0107ih obaveznih kolokvijuma za sve specijalizante:<\/p>\n<ul>\n<li>Fiziologija fizi\u010dke aktivnosti<\/li>\n<li>Sportska kardiologija<\/li>\n<li>Fizi\u010dka aktivnost dece<\/li>\n<li>Sportska ortopedija<\/li>\n<li>Op\u0161ta hirurgija i prva pomo\u0107 u sportu<\/li>\n<li>Rehabilitacija sportista<\/li>\n<li>Ishrana, suplementacija i doping<\/li>\n<\/ul>\n<\/div><\/div>\n<div class=\"su-column su-column-size-1-2\"><div class=\"su-column-inner su-u-clearfix su-u-trim\">\n<p>Po zavr\u0161enom specijalisti\u010dkom sta\u017eu, savladanim ve\u0161tinama, odslu\u0161anoj nastavi i polo\u017eenim obaveznim kolokvijumima, specijalizant sti\u010de pravo da prijavi polaganje specijalisti\u010dkog ispita. Ispitni rokovi za polaganje specijalisti\u010dkih ispita su aprilski, junsko-julski, oktobarski i januarski.<\/p>\n<p>Prijava ispita za ispitni rok obavlja se:<\/p>\n<ul>\n<li>Aprilski ispitni rok \u2013 od 01. \u2013 10. marta,<\/li>\n<li>Junsko \u2013 julski rok \u2013 od 01. \u2013 10. maja,<\/li>\n<li>Oktobarski ispitni rok \u2013 od 01. \u2013 10. septembra,<\/li>\n<li>Januarski ispitni rok \u2013 od 01. \u2013 10. decembra<\/li>\n<\/ul>\n<\/div><\/div>\n<\/div>\n<p>Kompjutersko izvla\u010denje Komisija se obavlja prvog narednog radnog dana, nakon zavr\u0161ene prijave kandidata za polaganje ispita (11. u mesecu u kome je ispit prijavljen).<\/p>\n<div class=\"su-row\">\n<div class=\"su-column su-column-size-1-2\"><div class=\"su-column-inner su-u-clearfix su-u-trim\">\n<p>Ispitni rokovi traju, odnosno prakti\u010dni i usmeni ispit se pola\u017eu:<\/p>\n<ul>\n<li>Aprilski od 20. aprila do kraja aprila,<\/li>\n<li>Junsko \u2013 julski od 20. juna do 15. jula,<\/li>\n<li>Oktobarski od 20. oktobra do kraja oktobra,<\/li>\n<li>Januarski od 20. januara do kraja januara<\/li>\n<\/ul>\n<\/div><\/div>\n<div class=\"su-column su-column-size-1-2\"><div class=\"su-column-inner su-u-clearfix su-u-trim\">\n<p>Specijalisti\u010dki ispit iz Medicine sporta se sastoji iz:<\/p>\n<ul>\n<li>Specijalisti\u010dkog rada<\/li>\n<li>Testa (pola\u017ee se od 15. do 20. u mesecu u kojem se pola\u017ee ispit)<\/li>\n<li>Prakti\u010dnog ispita<\/li>\n<li>Usmenog ispita<\/li>\n<\/ul>\n<\/div><\/div>\n<\/div>\n<p>Specijalisti Medicine sporta mogu upisati jednu od slede\u0107ih u\u017eih specijalisti\u010dkih grana: dijetoterapija, baromedicina, balneoklimatologija, klini\u010dka transfuziologija, medicinska informatika,<\/p>\n","protected":false},"excerpt":{"rendered":"<p>Specijalizacija Medicina sporta Katedra Medicine sporta od 1970. godine organizuje nastavu za zdravstvenu specijalizaciju Medicina sporta. Upis na specijalisti\u010dke studije vr\u0161i se putem javnog konkursa Ministarstva zdravlja Republike Srbije dva puta godi\u0161nje (mart i septembar). Za upis studenata neophodna je saglasnost Ministarstva zdravlja Republike Srbije. Specijalizacija Medicine sporta je deficitarna grana medicine, \u0161to zna\u010di daContinue reading &rarr;<\/p>\n","protected":false},"author":1,"featured_media":0,"parent":2963,"menu_order":0,"comment_status":"closed","ping_status":"closed","template":"","meta":[],"_links":{"self":[{"href":"http:\/\/www.medicinasporta.med.bg.ac.rs\/index.php?rest_route=\/wp\/v2\/pages\/3159"}],"collection":[{"href":"http:\/\/www.medicinasporta.med.bg.ac.rs\/index.php?rest_route=\/wp\/v2\/pages"}],"about":[{"href":"http:\/\/www.medicinasporta.med.bg.ac.rs\/index.php?rest_route=\/wp\/v2\/types\/page"}],"author":[{"embeddable":true,"href":"http:\/\/www.medicinasporta.med.bg.ac.rs\/index.php?rest_route=\/wp\/v2\/users\/1"}],"replies":[{"embeddable":true,"href":"http:\/\/www.medicinasporta.med.bg.ac.rs\/index.php?rest_route=%2Fwp%2Fv2%2Fcomments&post=3159"}],"version-history":[{"count":9,"href":"http:\/\/www.medicinasporta.med.bg.ac.rs\/index.php?rest_route=\/wp\/v2\/pages\/3159\/revisions"}],"predecessor-version":[{"id":4623,"href":"http:\/\/www.medicinasporta.med.bg.ac.rs\/index.php?rest_route=\/wp\/v2\/pages\/3159\/revisions\/4623"}],"up":[{"embeddable":true,"href":"http:\/\/www.medicinasporta.med.bg.ac.rs\/index.php?rest_route=\/wp\/v2\/pages\/2963"}],"wp:attachment":[{"href":"http:\/\/www.medicinasporta.med.bg.ac.rs\/index.php?rest_route=%2Fwp%2Fv2%2Fmedia&parent=3159"}],"curies":[{"name":"wp","href":"https:\/\/api.w.org\/{rel}","templated":true}]}}