{"id":3600,"date":"2017-04-07T12:16:46","date_gmt":"2017-04-07T10:16:46","guid":{"rendered":"http:\/\/www.medicinasporta.med.bg.ac.rs\/?page_id=3600"},"modified":"2019-11-01T13:08:09","modified_gmt":"2019-11-01T12:08:09","slug":"ivana-zlatic-2","status":"publish","type":"page","link":"http:\/\/www.medicinasporta.med.bg.ac.rs\/?page_id=3600&lang=sr","title":{"rendered":"Ivana Zlati\u0107"},"content":{"rendered":"<div class=\"su-row\">\n<div class=\"su-column su-column-size-1-5\"><div class=\"su-column-inner su-u-clearfix su-u-trim\"> <img src=\"http:\/\/www.medicinasporta.med.bg.ac.rs\/wp-content\/uploads\/2017\/02\/Ivana-Zlatic.jpg\" alt=\"Ivana Zlati\u0107\" \/> <\/div><\/div>\n<div class=\"su-column su-column-size-4-5\"><div class=\"su-column-inner su-u-clearfix su-u-trim\"><strong>Ivana Zlati\u0107<br \/>\n<\/strong><\/p>\n<p><strong>Razlog upisa na Master studije PAHET<\/strong><\/p>\n<p>Da podstaknem decu sa smetnjama u razvoju da se bave fizi\u010dkom aktivno\u0161\u0107u kako bi prevenirali ili usporili nastanak bolesti.<\/p>\n<p style=\"text-align: justify;\"><\/div><\/div>\n<\/div>\n<p style=\"text-align: justify;\"><div class=\"su-column su-column-size-1-1\"><div class=\"su-column-inner su-u-clearfix su-u-trim\"><\/div><\/div>\n<p style=\"text-align: justify;\"><strong>Biografija:<\/strong><\/p>\n<p>Ro\u0111ena je 31.01.1988. god. u Beogradu. Fakultet za specijalnu edukaciju i rehabilitaciju, Univeziteta u Beogradu upisala je 2009. god., a zavr\u0161ila 2015. god., sa prose\u010dnom ocenom 8,20\/10. Diplomski rad na temu razvojne karakteristike dece sa oboljenjem kardiovaskularnog sistema odbranila je kod prof. dr Sne\u017eane Nikoli\u0107, i dobila ocenu 10. Tokom studiranja u\u010destvovala je u projektu Usluga pratioca osoba sa invaliditetom, Udru\u017eenje gra\u0111ana \u201eCrveni ljiljan\u201c i volontirala u \u0161koli za osnovno i srednje obrazovanje \u201eSveti Sava\u201c gde povremeno i radi od februara 2016 godine. Oblast interesovanja: Edukacija i rehabilitacija dece sa smetnjama i poreme\u0107ajima u razvoju.<\/p>\n<p><strong>Odbranjen Master rad pod nazivom:\u00a0<\/strong>Uticaj fizi\u010dke aktivnosti na kvalitet \u017eivota osoba sa umerenom intelektualnom ometeno\u0161\u0107u<br \/>\n<div class=\"su-custom-gallery su-custom-gallery-title-never su-lightbox-gallery\"><div class=\"su-custom-gallery-slide\"><a href=\"http:\/\/www.medicinasporta.med.bg.ac.rs\/wp-content\/uploads\/2017\/04\/ivana_zlatic3.jpg\" target=\"_blank\" title=\"ivana_zlatic3\"><img src=\"http:\/\/www.medicinasporta.med.bg.ac.rs\/wp-content\/uploads\/2017\/04\/ivana_zlatic3-230x130.jpg\" alt=\"ivana_zlatic3\" width=\"230\" height=\"130\" \/><span class=\"su-custom-gallery-title\">ivana_zlatic3<\/span><\/a><\/div><div class=\"su-custom-gallery-slide\"><a href=\"http:\/\/www.medicinasporta.med.bg.ac.rs\/wp-content\/uploads\/2017\/04\/ivana_zlatic2.jpg\" target=\"_blank\" title=\"ivana_zlatic2\"><img src=\"http:\/\/www.medicinasporta.med.bg.ac.rs\/wp-content\/uploads\/2017\/04\/ivana_zlatic2-230x130.jpg\" alt=\"ivana_zlatic2\" width=\"230\" height=\"130\" \/><span class=\"su-custom-gallery-title\">ivana_zlatic2<\/span><\/a><\/div><div class=\"su-custom-gallery-slide\"><a href=\"http:\/\/www.medicinasporta.med.bg.ac.rs\/wp-content\/uploads\/2017\/04\/ivana_zlatic1.jpg\" target=\"_blank\" title=\"ivana_zlatic1\"><img src=\"http:\/\/www.medicinasporta.med.bg.ac.rs\/wp-content\/uploads\/2017\/04\/ivana_zlatic1-230x130.jpg\" alt=\"ivana_zlatic1\" width=\"230\" height=\"130\" \/><span class=\"su-custom-gallery-title\">ivana_zlatic1<\/span><\/a><\/div><div class=\"su-clear\"><\/div><\/div>\n","protected":false},"excerpt":{"rendered":"<p>Biografija: Ro\u0111ena je 31.01.1988. god. u Beogradu. Fakultet za specijalnu edukaciju i rehabilitaciju, Univeziteta u Beogradu upisala je 2009. god., a zavr\u0161ila 2015. god., sa prose\u010dnom ocenom 8,20\/10. Diplomski rad na temu razvojne karakteristike dece sa oboljenjem kardiovaskularnog sistema odbranila je kod prof. dr Sne\u017eane Nikoli\u0107, i dobila ocenu 10. Tokom studiranja u\u010destvovala je uContinue reading &rarr;<\/p>\n","protected":false},"author":1,"featured_media":0,"parent":2660,"menu_order":0,"comment_status":"closed","ping_status":"closed","template":"","meta":[],"_links":{"self":[{"href":"http:\/\/www.medicinasporta.med.bg.ac.rs\/index.php?rest_route=\/wp\/v2\/pages\/3600"}],"collection":[{"href":"http:\/\/www.medicinasporta.med.bg.ac.rs\/index.php?rest_route=\/wp\/v2\/pages"}],"about":[{"href":"http:\/\/www.medicinasporta.med.bg.ac.rs\/index.php?rest_route=\/wp\/v2\/types\/page"}],"author":[{"embeddable":true,"href":"http:\/\/www.medicinasporta.med.bg.ac.rs\/index.php?rest_route=\/wp\/v2\/users\/1"}],"replies":[{"embeddable":true,"href":"http:\/\/www.medicinasporta.med.bg.ac.rs\/index.php?rest_route=%2Fwp%2Fv2%2Fcomments&post=3600"}],"version-history":[{"count":5,"href":"http:\/\/www.medicinasporta.med.bg.ac.rs\/index.php?rest_route=\/wp\/v2\/pages\/3600\/revisions"}],"predecessor-version":[{"id":5352,"href":"http:\/\/www.medicinasporta.med.bg.ac.rs\/index.php?rest_route=\/wp\/v2\/pages\/3600\/revisions\/5352"}],"up":[{"embeddable":true,"href":"http:\/\/www.medicinasporta.med.bg.ac.rs\/index.php?rest_route=\/wp\/v2\/pages\/2660"}],"wp:attachment":[{"href":"http:\/\/www.medicinasporta.med.bg.ac.rs\/index.php?rest_route=%2Fwp%2Fv2%2Fmedia&parent=3600"}],"curies":[{"name":"wp","href":"https:\/\/api.w.org\/{rel}","templated":true}]}}