{"id":3617,"date":"2017-04-11T11:55:18","date_gmt":"2017-04-11T09:55:18","guid":{"rendered":"http:\/\/www.medicinasporta.med.bg.ac.rs\/?page_id=3617"},"modified":"2019-11-01T13:40:06","modified_gmt":"2019-11-01T12:40:06","slug":"jelisaveta-vicic-2","status":"publish","type":"page","link":"http:\/\/www.medicinasporta.med.bg.ac.rs\/?page_id=3617&lang=sr","title":{"rendered":"Jelisaveta Vi\u0107i\u0107"},"content":{"rendered":"<div class=\"su-row\">\n<div class=\"su-column su-column-size-1-5\"><div class=\"su-column-inner su-u-clearfix su-u-trim\"> <img src=\"http:\/\/www.medicinasporta.med.bg.ac.rs\/wp-content\/uploads\/2017\/02\/Jelisaveta-Vicic.jpg\" alt=\"Jelisaveta Vi\u0107i\u0107 \" \/> <\/div><\/div>\n<div class=\"su-column su-column-size-4-5\"><div class=\"su-column-inner su-u-clearfix su-u-trim\"><strong>Jelisaveta Vi\u0107i\u0107<br \/>\n<\/strong><\/p>\n<p><strong>Razlog upisa na Master studije PAHET<\/strong><\/p>\n<p>Unapre\u0111enje prethodno ste\u010denih znanja i ve\u0161tina o zna\u010daju fizi\u010dke aktivnosti u o\u010duvanju i unapre\u0111enju zdravlja, kao i u terapijske svrhe. Dobar uvod i priprema za doktorske studije. Ispunio je moja o\u010dekivanja. Predavanja su zanimljiva, dinami\u010dna i interaktivna<\/p>\n<p style=\"text-align: justify;\"><\/div><\/div>\n<\/div>\n<p style=\"text-align: justify;\"><div class=\"su-column su-column-size-1-1\"><div class=\"su-column-inner su-u-clearfix su-u-trim\"><\/div><\/div>\n<p style=\"text-align: justify;\"><strong>Biografija:<\/strong><\/p>\n<p>Ro\u0111ena je 10. oktobra 1988. godine u Pri\u0161tini. Medicinski fakultet, Univeziteta u Beogradu upisala je 2009. god., a zavr\u0161ila u 2016. god., sa prose\u010dnom ocenom 9,11\/10,00. Oblasti interesovanja: Sportska medicina, ishrana.<\/p>\n<p><strong>Spisak radova:<\/strong><\/p>\n<ol>\n<li><strong>Vi\u0107i\u0107 J<\/strong>, Vesi\u0107 N. Autoimunske bulozne dermatoze de\u010dijeg doba \u2013 korelacija klini\u010dkih, histopatolo\u0161kih i imunopatolo\u0161kih parametara, 55. kongres studenata biomedicinskih nauka Srbije sa internacionalnim u\u010de\u0161\u0107em, Vrnja\u010dka banja, Knjiga apstrakta, 2014, p. 127.<\/li>\n<li>Vesi\u0107 N, <strong>Vi\u0107i\u0107 J<\/strong>. Tok i prognoza inverzne psorijaze u ranom de\u010dijem uzrastu, 55. kongres studenata biomedicinskih nauka Srbije sa internacionalnim u\u010de\u0161\u0107em, Vrnja\u010dka banja, Knjiga apstrakta, 2014, p. 126.<\/li>\n<li><strong>Vi\u0107i\u0107 J<\/strong>, Vesi\u0107 N. Sudskomedicinska analiza saobra\u0107ajnih povreda sa smrtnim ishodom, 56. kongres studenata biomedicinskih nauka Srbije sa internacionalnim u\u010de\u0161\u0107em, Vrnja\u010dka banja, Knjiga apstrakta, 2015, p. 758.<\/li>\n<li>Vesi\u0107 N, <strong>Vi\u0107i\u0107 J<\/strong>. Incidenca i mortalitet karcinoma kore nadbubre\u017ene \u017elezde u centralnoj Srbiji, 56. kongres studenata biomedicinskih nauka Srbije sa internacionalnim u\u010de\u0161\u0107em, Vrnja\u010dka banja, Knjiga apstrakta, 2015, p. 731.<\/li>\n<\/ol>\n<p><strong>Odbranjen Master rad pod nazivom:\u00a0<\/strong>Uticaj razli\u010ditih karakteristika treninga na respiratorne parametre kod vrhunskih sportistkinja<\/p>\n","protected":false},"excerpt":{"rendered":"<p>Biografija: Ro\u0111ena je 10. oktobra 1988. godine u Pri\u0161tini. Medicinski fakultet, Univeziteta u Beogradu upisala je 2009. god., a zavr\u0161ila u 2016. god., sa prose\u010dnom ocenom 9,11\/10,00. Oblasti interesovanja: Sportska medicina, ishrana. Spisak radova: Vi\u0107i\u0107 J, Vesi\u0107 N. Autoimunske bulozne dermatoze de\u010dijeg doba \u2013 korelacija klini\u010dkih, histopatolo\u0161kih i imunopatolo\u0161kih parametara, 55. kongres studenata biomedicinskih naukaContinue reading &rarr;<\/p>\n","protected":false},"author":1,"featured_media":0,"parent":2660,"menu_order":0,"comment_status":"closed","ping_status":"closed","template":"","meta":[],"_links":{"self":[{"href":"http:\/\/www.medicinasporta.med.bg.ac.rs\/index.php?rest_route=\/wp\/v2\/pages\/3617"}],"collection":[{"href":"http:\/\/www.medicinasporta.med.bg.ac.rs\/index.php?rest_route=\/wp\/v2\/pages"}],"about":[{"href":"http:\/\/www.medicinasporta.med.bg.ac.rs\/index.php?rest_route=\/wp\/v2\/types\/page"}],"author":[{"embeddable":true,"href":"http:\/\/www.medicinasporta.med.bg.ac.rs\/index.php?rest_route=\/wp\/v2\/users\/1"}],"replies":[{"embeddable":true,"href":"http:\/\/www.medicinasporta.med.bg.ac.rs\/index.php?rest_route=%2Fwp%2Fv2%2Fcomments&post=3617"}],"version-history":[{"count":3,"href":"http:\/\/www.medicinasporta.med.bg.ac.rs\/index.php?rest_route=\/wp\/v2\/pages\/3617\/revisions"}],"predecessor-version":[{"id":5367,"href":"http:\/\/www.medicinasporta.med.bg.ac.rs\/index.php?rest_route=\/wp\/v2\/pages\/3617\/revisions\/5367"}],"up":[{"embeddable":true,"href":"http:\/\/www.medicinasporta.med.bg.ac.rs\/index.php?rest_route=\/wp\/v2\/pages\/2660"}],"wp:attachment":[{"href":"http:\/\/www.medicinasporta.med.bg.ac.rs\/index.php?rest_route=%2Fwp%2Fv2%2Fmedia&parent=3617"}],"curies":[{"name":"wp","href":"https:\/\/api.w.org\/{rel}","templated":true}]}}