{"id":3798,"date":"2017-05-26T11:56:22","date_gmt":"2017-05-26T09:56:22","guid":{"rendered":"http:\/\/www.medicinasporta.med.bg.ac.rs\/?page_id=3798"},"modified":"2018-02-12T14:21:50","modified_gmt":"2018-02-12T13:21:50","slug":"jovana-todorovic-3","status":"publish","type":"page","link":"http:\/\/www.medicinasporta.med.bg.ac.rs\/?page_id=3798&lang=en","title":{"rendered":"Jovana Todorovi\u0107"},"content":{"rendered":"<div class=\"su-row\">\n<div class=\"su-column su-column-size-1-5\"><div class=\"su-column-inner su-u-clearfix su-u-trim\"> <img src=\"http:\/\/www.medicinasporta.med.bg.ac.rs\/wp-content\/uploads\/2017\/02\/Jovana-Todorovic.jpg\" alt=\"Jovana Todorovi\u0107\" \/> <\/div><\/div>\n<div class=\"su-column su-column-size-4-5\"><div class=\"su-column-inner su-u-clearfix su-u-trim\"><strong>Jovana Todorovi\u0107<br \/>\n<\/strong><\/p>\n<p><strong>Razlog upisa na Master studije PAHET<\/strong><br \/>\nSprovo\u0111enje projekta BeoMedFit koji ima za cilj da proceni stepen fizi\u010dke aktivnosti studenata Medicinskog fakulteta, ali i da ih studente motivi\u0161e da je pobolj\u0161aju.<\/p>\n<p style=\"text-align: justify;\"><\/div><\/div>\n<\/div>\n<p style=\"text-align: justify;\"><div class=\"su-column su-column-size-1-1\"><div class=\"su-column-inner su-u-clearfix su-u-trim\"><\/div><\/div>\n<p style=\"text-align: justify;\"><strong>Biografija:<\/strong><\/p>\n<p style=\"text-align: justify;\">Ro\u0111ena je u Po\u017earevcu 1989. Medicinski fakultet, Univeziteta u Beogradu upisala je \u0161kolske 2008\/2009., a zavr\u0161ila 2014. god., sa prose\u010dnom ocenom 9.68\/10.00. Doktorske akademske studije, modul-javno zdravlje, upisala je \u0161kolske 2014\/2015. god. Od januara 2015. god., je zaposlena na Institutu za socijalnu medicinu, Medicinski fakultet, Univerzitet u Beogradu. Do sada se usavr\u0161avala u oblasti javno zdravstvenih aspekta fizi\u010dke aktivnost, motivacije mladih. Pro\u0161la je obuku u tehnici motivacionog intervjua, (jun, 2016.god), kao i Salcbur\u0161ki seminari, (jun 2016.god.). Bila je stipendista Ministarstva prosvete nauke i tehnolo\u0161kog razvoja za studente doktorskih studija (\u0161kolske 2014\/2015.), stipendija Dositeja (\u0161kolske 2013\/2014.), stipendija Ministarstva prosvete za student osnovnih studija (2009-2013), stipendija grada Po\u017earevca (2010-2012.).<\/p>\n<p><strong>Spisak radova:<\/strong><\/p>\n<ol>\n<li>Djuric O, Jovanovic S, Stosovic B, Tosic T, Jovanovic M, Nartey N, <strong>Todorovic J<\/strong>, Markovic-Denic Differences in MRSA prevalence and resistance patterns in a tertiary center before and after joining an international program for surveillance of antimicrobial resistance. Acta Microbiologica et Immunologica Hungarica. <em>in press<\/em>, DOI: 10.1556\/030.63.2016.017.<\/li>\n<li><strong>Todorovic J<\/strong><em>, \u0110uri\u0107 D, Maru\u0161i\u0107 V, Arbutina D, Markovi\u0107-Deni\u0107 Lj. Medical student's knowledge level about ebola. Medicinski \u010dasopis. 2015, 49 (4): 105-9. <\/em><\/li>\n<li><strong>Todorovi<\/strong><strong>\u0107 J, <\/strong>Todorovic B, Stopi\u0107 B. The influence of insulin therapy in pregnancies complicated with gestational diabetes melitus. Medical students conference. Novi Sad, 2014.<\/li>\n<li>Stopi\u0107 B, Stopi\u0107 M, <strong>Todorovi\u0107 J<\/strong>. Attitudes and awarness of medical students on opiophobia in Serbia. Medical students conference. Novi Sad, 2014.<\/li>\n<li><strong>Todorovi\u0107 J, <\/strong>Todorovi\u0107 B. Connection between duration of illness and pregnancy outcomes in patients with type 1 Diabetes. Medical students conference. <em>Novi Sad, Serbia, <\/em><\/li>\n<li>Todorovi\u0107 B,<strong> Todorovi\u0107 J<\/strong>. Comparison of clinical and antropometric characteristics of women with and without gestational diabete Medical students conference. <em>Novi Sad, Serbia, <\/em>2013.<\/li>\n<li><em>Panti\u0107 I, Damjanovi\u0107 A, <\/em><strong>Todorovi\u0107 J<\/strong>,<em> Topalovi\u0107 D, Bojovi\u0107 Jovi\u0107 D, Risti\u0107 S, Panti\u0107 S<\/em><em>. Asso<\/em><em>c<\/em><em>iation between <\/em><em>online social networking and depression in high school students: behavioral physiology viewpoint. Psihiatria Danubina. 2012, 24:87-90.<\/em><\/li>\n<li><strong>Todorovi<\/strong><strong>\u0107 J<\/strong><em><strong>, <\/strong><\/em><em>Topalovi\u0107 D, Panti\u0107 P. <\/em><em>Beck depression inventory and online social networking in university students. Medical student conference. Novi Sad, Serbia,<\/em><\/li>\n<li><em>Topalovi\u0107 D, <\/em><strong>Todorovi\u0107 J<\/strong><em>, Panti\u0107 I<\/em><em>. Parental divorce and depression in young adulthood: <\/em><em>behavioral physiology and pathophysiology. Medical students conference. Novi Sad, Serbia, 2011.<\/em><\/li>\n<\/ol>\n<p>&nbsp;<\/p>\n<p>&nbsp;<\/p>\n","protected":false},"excerpt":{"rendered":"<p>Biografija: Ro\u0111ena je u Po\u017earevcu 1989. Medicinski fakultet, Univeziteta u Beogradu upisala je \u0161kolske 2008\/2009., a zavr\u0161ila 2014. god., sa prose\u010dnom ocenom 9.68\/10.00. Doktorske akademske studije, modul-javno zdravlje, upisala je \u0161kolske 2014\/2015. god. Od januara 2015. god., je zaposlena na Institutu za socijalnu medicinu, Medicinski fakultet, Univerzitet u Beogradu. Do sada se usavr\u0161avala u oblastiContinue reading &rarr;<\/p>\n","protected":false},"author":1,"featured_media":0,"parent":3734,"menu_order":0,"comment_status":"closed","ping_status":"closed","template":"","meta":[],"_links":{"self":[{"href":"http:\/\/www.medicinasporta.med.bg.ac.rs\/index.php?rest_route=\/wp\/v2\/pages\/3798"}],"collection":[{"href":"http:\/\/www.medicinasporta.med.bg.ac.rs\/index.php?rest_route=\/wp\/v2\/pages"}],"about":[{"href":"http:\/\/www.medicinasporta.med.bg.ac.rs\/index.php?rest_route=\/wp\/v2\/types\/page"}],"author":[{"embeddable":true,"href":"http:\/\/www.medicinasporta.med.bg.ac.rs\/index.php?rest_route=\/wp\/v2\/users\/1"}],"replies":[{"embeddable":true,"href":"http:\/\/www.medicinasporta.med.bg.ac.rs\/index.php?rest_route=%2Fwp%2Fv2%2Fcomments&post=3798"}],"version-history":[{"count":2,"href":"http:\/\/www.medicinasporta.med.bg.ac.rs\/index.php?rest_route=\/wp\/v2\/pages\/3798\/revisions"}],"predecessor-version":[{"id":5955,"href":"http:\/\/www.medicinasporta.med.bg.ac.rs\/index.php?rest_route=\/wp\/v2\/pages\/3798\/revisions\/5955"}],"up":[{"embeddable":true,"href":"http:\/\/www.medicinasporta.med.bg.ac.rs\/index.php?rest_route=\/wp\/v2\/pages\/3734"}],"wp:attachment":[{"href":"http:\/\/www.medicinasporta.med.bg.ac.rs\/index.php?rest_route=%2Fwp%2Fv2%2Fmedia&parent=3798"}],"curies":[{"name":"wp","href":"https:\/\/api.w.org\/{rel}","templated":true}]}}