{"id":4410,"date":"2018-04-12T09:35:48","date_gmt":"2018-04-12T07:35:48","guid":{"rendered":"http:\/\/www.medicinasporta.med.bg.ac.rs\/?page_id=4410"},"modified":"2022-04-01T13:51:49","modified_gmt":"2022-04-01T11:51:49","slug":"laboratorija","status":"publish","type":"page","link":"http:\/\/www.medicinasporta.med.bg.ac.rs\/?page_id=4410&lang=sr","title":{"rendered":"Zdravstvo"},"content":{"rendered":"<h1>Laboratorija za medicinu sporta i terapiju ve\u017ebanjem<\/h1>\n<div align=\"justify\">\nDobrodo\u0161li na deo sajta koji je namenjen Laboratoriji za medicinu sporta i terapiju ve\u017ebanjem.<\/p>\n<p>Laboratorija za medicinu sporta i terapiju ve\u017ebanjem, Medicinskog fakulteta, Univerziteta u Beogradu, obnovljena je kroz ideju i velikodu\u0161nom donacijom Branke i prof. dr Nebojse Popovica. Ova nova Laboratorija svoje mesto pronalazi na Institutu za medicinsku fiziologiju istog fakulteta na osnovama Laboratorije za fiziologiju fizi\u010dke aktivnosti, osnovane 2000. godine. Laboratorija sada zahvaljujuci pomenutoj donaciji dobija ne samo novi izgled ve\u0107 pro\u0161iruje i svoju delatnost uz jasno definisanu misiju i ciljeve. U isto vreme nastavlja da nudi multidisciplinarni pristup svojim korisnicima radi postizanja boljih rezultata, ali i u cilju unapre\u0111enja zdravlja, a sve to uz aktivan anga\u017eman profesora i asistenata Medicinskog fakulteta razli\u010ditih specijalnosti.<\/p>\n<h3>Na\u0161 tim<\/h3>\n<p>Na Institutu za Medicinsku fiziologiju Medicinskog fakulteta u Beogradu zaposleno je 20 nastavnika i saradnika koji su zavr\u0161ili, ili zavr\u0161avaju neku od osnovnih medicinskih specijalizacija i u\u017eih specijalizacija na na\u0161em fakultetu.<\/p>\n<p>Specijalisti\u010dke i subspecijalisti\u010dke oblasti koje su dostupne od strane zaposlenih na na\u0161em Institutu su:<\/p>\n<div class=\"su-row\">\n<div class=\"su-column su-column-size-1-3\"><div class=\"su-column-inner su-u-clearfix su-u-trim\">\n<ul>\n<li>sportska medicina,<\/li>\n<li>klini\u010dka fiziologija,<\/li>\n<li>fizikalna medicina,<\/li>\n<li>interna medicina,<\/li>\n<li>pedijatrija,<\/li>\n<\/ul>\n<\/div><\/div>\n<div class=\"su-column su-column-size-1-3\"><div class=\"su-column-inner su-u-clearfix su-u-trim\">\n<ul>\n<li>neurologija,<\/li>\n<li>psihijatrija,<\/li>\n<li>ginekologija,<\/li>\n<li>klini\u010dka biohemija<\/li>\n<li>laboratorijska medicina,<\/li>\n<\/ul>\n<\/div><\/div>\n<div class=\"su-column su-column-size-1-3\"><div class=\"su-column-inner su-u-clearfix su-u-trim\">\n<ul>\n<li>balneoklimatologija<\/li>\n<li>baromedicina,<\/li>\n<li>ishrana zdravih i bolesnih ljudi, i<\/li>\n<li>medicina bola.<\/li>\n<\/ul>\n<\/div><\/div>\n<\/div>\n<p>Na Institutu su zaposleni i 1 vi\u0161i laboranat biohemi\u010dar, 3 medicinska tehni\u010dara (jedan op\u0161ti smer i dva fizioterapeuta).<br \/>\nSvi nastavnici \u2013 specijalisti imaju va\u017ee\u0107u licencu Lekarske komore Srbije, kao i ve\u0107ina laboranata va\u017ee\u0107u licencu Komore medicinskih sestara i tehni\u010dara.<br \/>\nInstitut za medicinsku fiziologiju ima sekretara instituta, operatera na kompjuteru, 5 stalno zaposlenih sprema\u010dica, jednog majstora i domara zgrade.<\/p>\n<h3>Oprema<\/h3>\n<p>Na Institutu od 2000. godine postoji oprema za funkcionalna testiranja; pokretna traka (tredmil), ergobicikl, ergospirometar, defibrilator (sva napred navedena oprema dobijena u okviru donacije Crvenog Krsta Nema\u010dke). U inventaru Instituta su EKG aparat i spirometar, a preko TEMPUS projekta SPEED, nabavljeni su i ru\u010dni ergometar i portabilni ergospirometar. Kao donacija nabavljen je i ure\u0111aj za procenu telesne kompozicije metodom bioimedance, koji je ujedno i medicinska vaga.<\/p>\n<p>Na ovoj opremi vr\u0161i\u0107e se procena funkcionalne sposobnosti i na osnovu dobijenih rezultata, sastavljanje individualno doziranog, programiranog i kontrolisanog ve\u017ebanja u cilju prevencije oboljevanja, terapije ve\u0107ine hroni\u010dnih nezaraznih bolesti (gojaznost, hipertenzija, dijabetes, osteoporoza &#8230;.), ali i planiranje sportskog treninga u cilju pobolj\u0161anja sportskih rezultata.<\/p>\n<h3>Vizija<\/h3>\n<p>S obzirom na \u010dinjenicu da su u ovoj Laboratoriji zaposleni profesori i saradnici Medicinskog fakulteta, na\u0161a vizija je da, prvenstveno, edukujemo dru\u0161tvo u celini o zna\u010daju fizi\u010dke aktivnosti u prevenciji bolesti.<\/p>\n<p>S druge strane, Laboratorija, kao nau\u010dna i obrazovna baza, nudi priliku da se u na\u0161oj ustanovi obrazuju nove, savremene generacije lekara, sestara, trenera, psihologa i defektologa, na svim nivoima studija. Studenti \u0107e multidisciplinarnim pristupom mo\u0107i da obave praksu i steknu prakti\u010dna znanja o akutnoj i hroni\u010dnoj adaptaciji organizma na fizi\u010dki napor kao i o individualnom doziranju ve\u017ebanja u preventivne, terapijske i trena\u017ene svrhe.<\/p>\n<p>Na kraju, na\u0161a ideja vodilja je da \u0107e postojanje ovog interdisciplinarnog centra u kome \u0107e, na jednom mestu, korisnici mo\u0107i da dobiju stru\u010dno mi\u0161ljenje profesora i saradnika Medicinskog fakulteta, eksperata u razli\u010ditim oblastima medicine, doprineti pravilnoj preventivnoj i terapijskoj primeni fizi\u010dke aktivnosti kod bolesnika od hroni\u010dnih nezaraznih bolesti. Laboratorija za medicinu sporta i terapiju ve\u017ebanjem je jedina laboratorija ove vrste u na\u0161oj zemlji.<\/p>\n<\/div>\n","protected":false},"excerpt":{"rendered":"<p>Laboratorija za medicinu sporta i terapiju ve\u017ebanjem Dobrodo\u0161li na deo sajta koji je namenjen Laboratoriji za medicinu sporta i terapiju ve\u017ebanjem. Laboratorija za medicinu sporta i terapiju ve\u017ebanjem, Medicinskog fakulteta, Univerziteta u Beogradu, obnovljena je kroz ideju i velikodu\u0161nom donacijom Branke i prof. dr Nebojse Popovica. Ova nova Laboratorija svoje mesto pronalazi na Institutu zaContinue reading &rarr;<\/p>\n","protected":false},"author":1,"featured_media":0,"parent":0,"menu_order":0,"comment_status":"closed","ping_status":"closed","template":"","meta":[],"_links":{"self":[{"href":"http:\/\/www.medicinasporta.med.bg.ac.rs\/index.php?rest_route=\/wp\/v2\/pages\/4410"}],"collection":[{"href":"http:\/\/www.medicinasporta.med.bg.ac.rs\/index.php?rest_route=\/wp\/v2\/pages"}],"about":[{"href":"http:\/\/www.medicinasporta.med.bg.ac.rs\/index.php?rest_route=\/wp\/v2\/types\/page"}],"author":[{"embeddable":true,"href":"http:\/\/www.medicinasporta.med.bg.ac.rs\/index.php?rest_route=\/wp\/v2\/users\/1"}],"replies":[{"embeddable":true,"href":"http:\/\/www.medicinasporta.med.bg.ac.rs\/index.php?rest_route=%2Fwp%2Fv2%2Fcomments&post=4410"}],"version-history":[{"count":30,"href":"http:\/\/www.medicinasporta.med.bg.ac.rs\/index.php?rest_route=\/wp\/v2\/pages\/4410\/revisions"}],"predecessor-version":[{"id":6698,"href":"http:\/\/www.medicinasporta.med.bg.ac.rs\/index.php?rest_route=\/wp\/v2\/pages\/4410\/revisions\/6698"}],"wp:attachment":[{"href":"http:\/\/www.medicinasporta.med.bg.ac.rs\/index.php?rest_route=%2Fwp%2Fv2%2Fmedia&parent=4410"}],"curies":[{"name":"wp","href":"https:\/\/api.w.org\/{rel}","templated":true}]}}