{"id":5176,"date":"2019-04-03T11:27:42","date_gmt":"2019-04-03T09:27:42","guid":{"rendered":"http:\/\/www.medicinasporta.med.bg.ac.rs\/?page_id=5176"},"modified":"2019-04-03T11:28:05","modified_gmt":"2019-04-03T09:28:05","slug":"diana-timotijevic","status":"publish","type":"page","link":"http:\/\/www.medicinasporta.med.bg.ac.rs\/?page_id=5176&lang=sr","title":{"rendered":"Diana Timotijevi\u0107"},"content":{"rendered":"<div class=\"su-row\">\n<div class=\"su-column su-column-size-1-5\"><div class=\"su-column-inner su-u-clearfix su-u-trim\"><img loading=\"lazy\" class=\"aligncenter size-medium wp-image-5175\" src=\"http:\/\/www.medicinasporta.med.bg.ac.rs\/wp-content\/uploads\/2019\/04\/Diana-Timotijevic-235x300.jpg\" alt=\"diana-timotijevic\" width=\"235\" height=\"300\" srcset=\"http:\/\/www.medicinasporta.med.bg.ac.rs\/wp-content\/uploads\/2019\/04\/Diana-Timotijevic-235x300.jpg 235w, http:\/\/www.medicinasporta.med.bg.ac.rs\/wp-content\/uploads\/2019\/04\/Diana-Timotijevic.jpg 313w\" sizes=\"(max-width: 235px) 100vw, 235px\" \/><br \/>\n<\/div><\/div>\n<div class=\"su-column su-column-size-4-5\"><div class=\"su-column-inner su-u-clearfix su-u-trim\"><strong>Diana Timotijevi\u0107<\/strong><\/p>\n<p style=\"text-align: justify;\"><strong>Razlog upisa na Master studije PAHET<\/strong><\/p>\n<p>\u017delja za li\u010dnim usavr\u0161avanjem i pro\u0161irivanjem znanja iz oblasti medicine sporta i fizi\u010dke aktivnosti.<\/p>\n<p style=\"text-align: justify;\"><strong>Biografija:<\/strong><\/p>\n<p>Ro\u0111ena sam 02.04.1993. godine u Beogradu. Jo\u0161 od malih nogu gajila je veliku ljubav prema vodi. Sa nepunih 6 godina kre\u0107e aktivno da se bavi sinhronim plivanjem, nakon \u010dega postaje i dugogodi\u0161nji reprezentativac na\u0161e zemlje u ovom sportu. 2008. godine upisuje Sportsku gimnaziju u Beogradu, i uporedo sa sinhronim plivanjem po\u010dinje da igra i vaterpolo. Iste godine progla\u0161ena je za najuspe\u0161nijeg sportistu godine. Postaje \u010dlan \u017eenske juniorske a zatim i seniorske vaterpolo reprezentacije Srbije. Vlasnica je brojnih nacionalnih, evropskih i svetskih medalja. 2012. godine upisuje Fakultet za sport i fizi\u010dko vaspitanje u Beogradu. U sklopu prakse na predmetu teorija i tehnologija vaterpola, po\u010dinje da radi kao trener mla\u0111ih takmi\u010darskih kategorija u vaterpolo klubu \u2019\u2019Partizan\u2019\u2019. 2017. godine, kao trener, osvaja titulu \u0161ampiona dr\u017eave za de\u010dake ro\u0111ene 2006. i mla\u0111e. Diplomirala 2018., sa zvanjem Diplomirani profesor sporta i fizi\u010dkog vaspitanja. Trenutno zaposlena kao vaterpolo trener u VK \u2019\u2019Wind Sport\u2019\u2019. Te\u010dno govori engleski jezik (nivo C2). Cilj kojem te\u017ei je da vodene sportove podigne na vi\u0161i nivo, da dostigne savr\u0161eni spoj teorije i prakse. Zadovoljstvo pronalazi u radu sa mla\u0111im uzrastima, na njihovom pravilnom rastu i razvoju, sticanju zdravih navika, i pobu\u0111ivanju svesti o zna\u010daju fizi\u010dke aktivnosti, odnosno zna\u010daju ve\u017ebe kao preventive i ve\u017ebe kao leka.<\/p>\n<p style=\"text-align: justify;\"><\/div><\/div>\n<\/div>\n<p style=\"text-align: justify;\"><div class=\"su-column su-column-size-1-1\"><div class=\"su-column-inner su-u-clearfix su-u-trim\"><\/div><\/div>\n","protected":false},"excerpt":{"rendered":"","protected":false},"author":1,"featured_media":0,"parent":2660,"menu_order":0,"comment_status":"closed","ping_status":"closed","template":"","meta":[],"_links":{"self":[{"href":"http:\/\/www.medicinasporta.med.bg.ac.rs\/index.php?rest_route=\/wp\/v2\/pages\/5176"}],"collection":[{"href":"http:\/\/www.medicinasporta.med.bg.ac.rs\/index.php?rest_route=\/wp\/v2\/pages"}],"about":[{"href":"http:\/\/www.medicinasporta.med.bg.ac.rs\/index.php?rest_route=\/wp\/v2\/types\/page"}],"author":[{"embeddable":true,"href":"http:\/\/www.medicinasporta.med.bg.ac.rs\/index.php?rest_route=\/wp\/v2\/users\/1"}],"replies":[{"embeddable":true,"href":"http:\/\/www.medicinasporta.med.bg.ac.rs\/index.php?rest_route=%2Fwp%2Fv2%2Fcomments&post=5176"}],"version-history":[{"count":3,"href":"http:\/\/www.medicinasporta.med.bg.ac.rs\/index.php?rest_route=\/wp\/v2\/pages\/5176\/revisions"}],"predecessor-version":[{"id":5178,"href":"http:\/\/www.medicinasporta.med.bg.ac.rs\/index.php?rest_route=\/wp\/v2\/pages\/5176\/revisions\/5178"}],"up":[{"embeddable":true,"href":"http:\/\/www.medicinasporta.med.bg.ac.rs\/index.php?rest_route=\/wp\/v2\/pages\/2660"}],"wp:attachment":[{"href":"http:\/\/www.medicinasporta.med.bg.ac.rs\/index.php?rest_route=%2Fwp%2Fv2%2Fmedia&parent=5176"}],"curies":[{"name":"wp","href":"https:\/\/api.w.org\/{rel}","templated":true}]}}