{"id":5739,"date":"2020-06-12T09:23:19","date_gmt":"2020-06-12T07:23:19","guid":{"rendered":"http:\/\/www.medicinasporta.med.bg.ac.rs\/?page_id=5739"},"modified":"2020-06-25T09:19:59","modified_gmt":"2020-06-25T07:19:59","slug":"prof-dr-karim-khan","status":"publish","type":"page","link":"http:\/\/www.medicinasporta.med.bg.ac.rs\/?page_id=5739&lang=sr","title":{"rendered":"Prof. dr Karim Khan"},"content":{"rendered":"<h3><strong>Predavanje Prof. dr Karim Khan<\/strong><\/h3>\n<p style=\"text-align: justify;\">Prof. dr Karim Khan, specijalista sportske medicine, profesor na Univerzitetu British Colombia odr\u017eao je u okviru akrivnosti Belgrade Sports Medicine E Foruma predavanje na temu \u201eManaging lower limb tendinopathies in 2020\u2014What have we learned since 1996?\u201c, 11. juna 2020.<\/p>\n<p style=\"text-align: justify;\">Kao koordinator nau\u010dnog odseka \u00a0Kanadskog instituta za o\u010duvanje fukcionalnosti ko\u0161tano-mi\u0161i\u0107nog sistema, ali i glavni urednik najpresti\u017enijeg \u010dasopisa u oblasti medicine sporta British Journal of Sports Medicine prof. dr Khan je predstavio najnovije smernice u oblasti dijagnostike i tretmana sindroma patelarne tendinopatije u populaciji vrhunskih sportista, sa kratkim istorijskim osvrtom na razvoj dostupnih dijagnosti\u010dkih metodologija u proteklih dvadeset pet godina.<\/p>\n<p style=\"text-align: justify;\">Predavanje je bilo zaokru\u017eeno veoma aktivnom jedno\u010dasovnom online diskusijom u kojoj su doma\u0107i stru\u010dnjaci iz oblasti sportske medicine, radiologije i ortopedije podelili sopstvena iskustva i kroz mnogobrojna pitanja otklonili nedoumice koje su imali u vezi sa aktuelnim smernicama tretmana sindroma patelarne tendinopatije, ali i brojnim drugim temama uklju\u010duju\u0107i preporuke adekvatne ishrane sportista i rekreativaca. U\u010desnici webinara su se uklju\u010dili sa mnogobrojnih lokacija od Londona, Rige, preko Beograda, Ni\u0161a, Sofije, Soluna, do Dohe i Dubajia, omogu\u0107iv\u0161i na taj na\u010din veoma \u017eivopisnu razmenu iskustava.<\/p>\n<p><iframe loading=\"lazy\" title=\"Prof. dr Karim Khan - Managing lower limb tendinopathies in 2020\u2014What have we learned since 1996.\" width=\"1440\" height=\"810\" src=\"https:\/\/www.youtube.com\/embed\/eJRCp9f6trY?feature=oembed\" frameborder=\"0\" allow=\"accelerometer; autoplay; clipboard-write; encrypted-media; gyroscope; picture-in-picture\" allowfullscreen><\/iframe><\/p>\n","protected":false},"excerpt":{"rendered":"<p>Predavanje Prof. dr Karim Khan Prof. dr Karim Khan, specijalista sportske medicine, profesor na Univerzitetu British Colombia odr\u017eao je u okviru akrivnosti Belgrade Sports Medicine E Foruma predavanje na temu \u201eManaging lower limb tendinopathies in 2020\u2014What have we learned since 1996?\u201c, 11. juna 2020. Kao koordinator nau\u010dnog odseka \u00a0Kanadskog instituta za o\u010duvanje fukcionalnosti ko\u0161tano-mi\u0161i\u0107nog sistema,Continue reading &rarr;<\/p>\n","protected":false},"author":1,"featured_media":0,"parent":0,"menu_order":0,"comment_status":"closed","ping_status":"closed","template":"","meta":[],"_links":{"self":[{"href":"http:\/\/www.medicinasporta.med.bg.ac.rs\/index.php?rest_route=\/wp\/v2\/pages\/5739"}],"collection":[{"href":"http:\/\/www.medicinasporta.med.bg.ac.rs\/index.php?rest_route=\/wp\/v2\/pages"}],"about":[{"href":"http:\/\/www.medicinasporta.med.bg.ac.rs\/index.php?rest_route=\/wp\/v2\/types\/page"}],"author":[{"embeddable":true,"href":"http:\/\/www.medicinasporta.med.bg.ac.rs\/index.php?rest_route=\/wp\/v2\/users\/1"}],"replies":[{"embeddable":true,"href":"http:\/\/www.medicinasporta.med.bg.ac.rs\/index.php?rest_route=%2Fwp%2Fv2%2Fcomments&post=5739"}],"version-history":[{"count":5,"href":"http:\/\/www.medicinasporta.med.bg.ac.rs\/index.php?rest_route=\/wp\/v2\/pages\/5739\/revisions"}],"predecessor-version":[{"id":5741,"href":"http:\/\/www.medicinasporta.med.bg.ac.rs\/index.php?rest_route=\/wp\/v2\/pages\/5739\/revisions\/5741"}],"wp:attachment":[{"href":"http:\/\/www.medicinasporta.med.bg.ac.rs\/index.php?rest_route=%2Fwp%2Fv2%2Fmedia&parent=5739"}],"curies":[{"name":"wp","href":"https:\/\/api.w.org\/{rel}","templated":true}]}}