{"id":6053,"date":"2021-02-10T09:53:36","date_gmt":"2021-02-10T08:53:36","guid":{"rendered":"http:\/\/www.medicinasporta.med.bg.ac.rs\/?page_id=6053"},"modified":"2021-02-10T09:53:36","modified_gmt":"2021-02-10T08:53:36","slug":"vuk-milojevic","status":"publish","type":"page","link":"http:\/\/www.medicinasporta.med.bg.ac.rs\/?page_id=6053&lang=sr","title":{"rendered":"Vuk Milojevi\u0107"},"content":{"rendered":"<div class=\"su-row\">\n<div class=\"su-column su-column-size-1-5\"><div class=\"su-column-inner su-u-clearfix su-u-trim\"><img loading=\"lazy\" class=\"alignleft size-full wp-image-6054\" src=\"http:\/\/www.medicinasporta.med.bg.ac.rs\/wp-content\/uploads\/2021\/02\/Vuk-Jeremic.jpg\" alt=\"\" width=\"235\" height=\"300\" \/>\u00a0 <\/div><\/div>\n<div class=\"su-column su-column-size-4-5\"><div class=\"su-column-inner su-u-clearfix su-u-trim\">\n<h1><strong>Vuk Milojevi\u0107<br \/>\n<\/strong><\/h1>\n<p><strong>Razlog upisa na Master studije PAHET<\/strong><\/p>\n<div align=\"justify\">Kao budu\u0107i lekar vidim izuzetno veliku korist fizi\u010dke aktivnosti i pravilnog re\u017eima ishrane u sklopu primarne i sekundarne prevencije obolevanja. Kako sam od svoje srednje \u0161kole usmeren pri medicinskim naukama uvideo sam da ovaj master akademski program sadr\u017ei veoma korisne informacije i proverena saznanja iz oblasti Sportske medicine.<\/div>\n<\/div><\/div>\n<\/div>\n<p style=\"text-align: justify;\"><div class=\"su-column su-column-size-1-1\"><div class=\"su-column-inner su-u-clearfix su-u-trim\"><\/div><\/div>\n<p style=\"text-align: justify;\"><strong>Biografija:<\/strong><\/p>\n<div align=\"justify\">Ro\u0111en 20.02.1995. godine u Kikindi. Osnovnu i srednju Medicinsku \u0161kolu zavr\u0161io u Zrenjaninu. Upisao Medicinski fakultet u Beogradu 2014. godine, zavr\u0161io 2020. godine. Tokom osnovne i srednje \u0161kole rekreativno se bavio tenisom, fudbalom, \u201eSavate\u201c borila\u010dkom ve\u0161tinom. Na Medicinskom fakultetu bio \u010dlan studentske organizacije \u201eEMSA\u201c. Trenutno na pripravni\u010dkom sta\u017eu u Klini\u010dkom centru Srbije. Hobi: putovanja i dru\u0161tvene igre.<\/div>\n","protected":false},"excerpt":{"rendered":"<p>Biografija: Ro\u0111en 20.02.1995. godine u Kikindi. Osnovnu i srednju Medicinsku \u0161kolu zavr\u0161io u Zrenjaninu. Upisao Medicinski fakultet u Beogradu 2014. godine, zavr\u0161io 2020. godine. Tokom osnovne i srednje \u0161kole rekreativno se bavio tenisom, fudbalom, \u201eSavate\u201c borila\u010dkom ve\u0161tinom. Na Medicinskom fakultetu bio \u010dlan studentske organizacije \u201eEMSA\u201c. Trenutno na pripravni\u010dkom sta\u017eu u Klini\u010dkom centru Srbije. Hobi: putovanjaContinue reading &rarr;<\/p>\n","protected":false},"author":1,"featured_media":0,"parent":2660,"menu_order":0,"comment_status":"closed","ping_status":"closed","template":"","meta":[],"_links":{"self":[{"href":"http:\/\/www.medicinasporta.med.bg.ac.rs\/index.php?rest_route=\/wp\/v2\/pages\/6053"}],"collection":[{"href":"http:\/\/www.medicinasporta.med.bg.ac.rs\/index.php?rest_route=\/wp\/v2\/pages"}],"about":[{"href":"http:\/\/www.medicinasporta.med.bg.ac.rs\/index.php?rest_route=\/wp\/v2\/types\/page"}],"author":[{"embeddable":true,"href":"http:\/\/www.medicinasporta.med.bg.ac.rs\/index.php?rest_route=\/wp\/v2\/users\/1"}],"replies":[{"embeddable":true,"href":"http:\/\/www.medicinasporta.med.bg.ac.rs\/index.php?rest_route=%2Fwp%2Fv2%2Fcomments&post=6053"}],"version-history":[{"count":1,"href":"http:\/\/www.medicinasporta.med.bg.ac.rs\/index.php?rest_route=\/wp\/v2\/pages\/6053\/revisions"}],"predecessor-version":[{"id":6055,"href":"http:\/\/www.medicinasporta.med.bg.ac.rs\/index.php?rest_route=\/wp\/v2\/pages\/6053\/revisions\/6055"}],"up":[{"embeddable":true,"href":"http:\/\/www.medicinasporta.med.bg.ac.rs\/index.php?rest_route=\/wp\/v2\/pages\/2660"}],"wp:attachment":[{"href":"http:\/\/www.medicinasporta.med.bg.ac.rs\/index.php?rest_route=%2Fwp%2Fv2%2Fmedia&parent=6053"}],"curies":[{"name":"wp","href":"https:\/\/api.w.org\/{rel}","templated":true}]}}